ulate 8 - (-1 + 1 + -22 + 27).
3
What is -28 + 33 + 1 + -8?
-2
What is -2 - (-1 + 7 + -3 - 7)?
2
What is the value of 2 - (-3 - (-2 - 0))?
3
17 - (4 + 9) - -1
5
Calculate 6 + (-5 - -2) + 0.
3
Evaluate 2 - (3 + 2 - (1 - 1)).
-3
What is 29 + -32 - (0 - 6 - -1)?
2
Calculate 1 + (6 - (-3 + 6 - -6)).
-2
What is the value of (6 - (10 - 5)) + 7 + -3?
5
0 + -8 - (3 + -10 + -8)
7
What is the value of -2 + 2 + 1 + (-1 - -3)?
3
What is -4 + -3 + (9 - 3) + 6?
5
Evaluate 22 + -28 - (5 - (0 + 2)).
-9
What is 4 - (2 + -1 - 2)?
5
Calculate (5 - 0) + 13 + -16.
2
(-11 - 0) + 4 + (-5 - -5)
-7
Evaluate -6 + 5 - -6 - 3.
2
What is the value of 9 - 18 - (-3 + (3 - 3))?
-6
-1 - 0 - (0 - 6)
5
-10 - (-6 + -7 + 6)
-3
Calculate (-21 - -18) + 4 + -1.
0
-1 - (12 + -3) - -11
1
Evaluate 2 - (5 - (0 + 3)) - 0.
0
What is the value of -3 - (-4 + 7) - -1?
-5
What is the value of 3 - -7 - (12 + -8)?
6
Calculate 6 + (-20 - -8) - (-5 - 1).
0
What is the value of -3 + 2 - (-4 - -3 - -4)?
-4
Evaluate -24 - -15 - (2 - 8).
-3
Evaluate (-9 - 2) + 2 - (-57 - -49).
-1
Evaluate (-3 - (0 - 2)) + (-2 - -3).
0
What is the value of -2 + 1 + 7 - 11?
-5
20 - 23 - (3 + -1)
-5
What is -10 + (-5 - -6) + 7?
-2
What is 1 - (-1 - (-3 - (4 - 4)))?
-1
Evaluate (-2 + -1 + -2 - 1) + 3.
-3
What is the value of 3 - (1 + 2 + (-4 - -1))?
3
What is 1 + (2 - 3) + -3 + 2?
-1
What is -6 + (4 - -4 - 1) - -3?
4
Calculate 3 + -4 + 1 + 2.
2
What is -1078 + 1078 + 1 + -11 + 1?
-9
What is the value of -11 - 0 - (0 - (15 + -10))?
-6
What is 1 + -5 - -4 - 5 - -3?
-2
What is the value of (-1 - -3 - 4) + (-1 - -2)?
-1
What is the value of (2 - (4 - 1)) + 4?
3
Calculate 9 - (-6 + 12 + -3).
6
What is the value of -22 - -8 - -7 - -8?
1
Calculate (-1 + 3 - 5 - -2) + 6.
5
6 + -1 + (-3 - 1 - -1)
2
What is (1 - (4 - -5)) + 5?
-3
What is (2 + 0 - 3) + 5?
4
What is the value of 3 - (3 + -9 + 4 - -9)?
-4
Evaluate -6 + -1 - (-31 - -18).
6
Evaluate -3 + 6 + 7 + -6.
4
What is the value of 0 - (-7 + 10 - -2)?
-5
Evaluate -23 + 11 + 20 - 15.
-7
What is the value of -3 + 4 + -1 + 0 - 2?
-2
What is -2 + -2 + 3 + 2?
1
Calculate 5 + -3 + (1 - 2).
1
What is the value of 3 + -3 + (2 - -2) + -2?
2
6 + 0 - (-8 - (7 - 19))
2
Evaluate 12 + -10 + -8 + 10.
4
Evaluate -14 + -13 + 9 + 12.
-6
What is -15 + 10 - ((-1 - -1) + 0)?
-5
What is the value of 2 + -4 - (7 + -11)?
2
Evaluate (11 + -3 - 3) + -4.
1
Evaluate -5 + (8 - (17 + -8)) + 11.
5
Calculate -1 + (-11 - (5 - 25)).
8
What is -1 - (2 - 4) - 0?
1
What is 2 + (2 - (-6 + 3)) + -3?
4
-12 - (-14 - (-5 + 12))
9
-2 - (-4 + -3 + 3 + -3)
5
What is the value of -26 - -27 - (0 + 2 + -5)?
4
What is the value of 2 - 10 - -4 - 0?
-4
(-14 - -1) + 44 + -42 - -6
-5
What is -5 + (6 - (3 + 1))?
-3
What is the value of (1 - (0 + 3)) + 127 + -120?
5
-2 - 0 - (0 - (0 + 0))
-2
What is the value of (-1 - -6 - 1) + (13 - 19)?
-2
Calculate 7 + 3 + 3 + -14.
-1
Evaluate -6 - ((-7 - -6) + -3 + -2).
0
What is the value of 2 + 0 + (-9 - -4) + 1?
-2
What is the value of 6 + -2 + -8 + 4 - 1?
-1
What is 0 - -6 - (-10 - -17)?
-1
What is the value of (-6 - (-2 + 8 + -4)) + 2?
-6
What is 12 + -1 - (45 - 37)?
3
What is (0 - -1) + 2 + 2 + -3?
2
What is 2 + -3 - (0 + 3 + -6)?
2
What is 0 - (0 + (-3 - -7))?
-4
Evaluate -1 + 0 + 0 + 294 + -299.
-6
What is the value of -2 + (3 - (3 - -3))?
-5
What is 1 - (1 - -5 - 3) - -8?
6
What is 1 + -3 + (6 + 3 - 3)?
4
Evaluate 4 + -5 + (0 - 3).
-4
What is the value of 3 + (-9 + 2 - -9)?
5
What is 1 - -1 - (2 + -2)?
2
Evaluate (6 - 1) + -12 + 2 + 1.
-4
What is 10 - 1 - (1 - (-8 - -6))?
6
Evaluate -3 - ((-4 - -4) + -4 + -1).
2
Evaluate 4 - (5 + 1) - (0 + 2).
-4
Evaluate 5 + -10 + 4 - -6.
5
What is the value of 7 + -1 + (-31 - -30) - 5?
0
Evaluate 1 - (-4 + 2 + (-3 - 2)).
8
Calculate -5 + 23 + -8 - 0.
10
Calculate 2 + (-1 - -2) + -5.
-2
Calculate 5 + -7 + -4 + 1.
-5
2 + (3 - -7 - 19)
-7
Evaluate (6 + -9 - -5) + (2 - 4).
0
Evaluate 1 + (6 - (7 + 2)).
-2
Calculate 10 + -18 + 8 - (0 - -3).
-3
What is the value of -2 + -6 + -4 - -19?
7
What is 6 + (0 + 3 - (1 - -3))?
5
What is -3 + 3 - (3 - (2 - 1))?
-2
Calculate 20 - 26 - (1 + -8).
1
What is -5 - -4 - (3 + -1)?
-3
What is the value of -5 + -2 + 4 + -2 + 6?
1
1 - (2 + 1 + -1) - -1
0
What is 72 + -73 - (0 + (-2 - -5))?
-4
7 + (0 - 5) + -3
-1
What is the value of (10 - 8 - (1 + -1)) + -2?
0
Evaluate 2 + 4 + -6 - 1.
-1
Evaluate 3 + 6 - (1 + 3) - -2.
7
What is the value of (5 - 4 - -4) + -3?
2
What is 1 - ((0 - -3) + -1 - 0)?
-1
Calculate -1 - -1 - (-1 - 2).
3
What is the value of 4 - (7 + (-6 - -2) + 1)?
0
What is the value of 2 + (2 - (-6 - -7))?
3
Evaluate 3 + (-1 - 3) - -5.
4
Evaluate -4 - (-3 - 1 - 3).
3
Evaluate (2 - -4) + (-20 - -10).
-4
What is -2 + (-9 + 1 - -5)?
-5
4 + (5 - (0 + 3)) + -1
5
What is -10 - -10 - (-8 - -2)?
6
5 + 0 + -5 + (-1 - -5)
4
Evaluate (-6 + 4 - 1) + 3.
0
Calculate 0 + -2 + (-29 - -30).
-1
Evaluate (4 + -2 - -8) + -14.
-4
What is the value of -1 - (-13 + 1) - (-13 + 15)?
9
What is the value of -4 - -11 - 11 - -5?
1
What is -8 - -7 - (-3 + 6 - 4)?
0
What is the value of 0 + (-6 + 11 - 3) + -2?
0
9 + (1 - 6) - (-1 - -9)
-4
Calculate 1 + -1 - (0 + 1).
-1
What is the value of -2 + (-8 - -18 - 8)?
0
Calculate 0 + -6 + 5 + 1.
0
Evaluate (5 - 19 - -3) + 6.
-5
Calculate 10 + 0 - (13 + -9).
6
What is 1 + -9 - (-8 + 2)?
-2
-7 - 0 - (-4 - -2)
-5
What is -7 + 0 - (-1 - (10 - 11))?
-7
Calculate (5 - (3 + 1)) + 1 - 3.
-1
What is the value of 1 + 1 + (-6 - -1)?
-3
What is 6 + (-4 - 6 - 2 - -6)?
0
-10 + (-7 + 6 + -1 - -1)
-11
-3 + 4 + 7 + -11
-3
Evaluate (-2 + 3 - 1) + 3.
3
What is the value of 2 - (-4 + (-1 - -6))?
1
What is the value of 5 + -12 + 5 + (0 - 1)?
-3
What is the value of -3 + 3 + -9 - -11?
2
What is 2 + (-2 - (-3 + 3))?
0
4 + 17 + (0 - 13)
8
What is 0 + 10 + (79 - 84)?
5
Evaluate 9 + 10 + -17 + 7.
9
Evaluate (-4 - -5 - -3) + 0.
4
What is the value of 0 - (1 + -1 - -7) - -2?
-5
What is 10 + -10 - ((-1 - -3) + -7)?
5
Evaluate 1 - ((0 - (6 + -5)) + -5).
7
Evaluate (2 - 2) + -20 + 21.
1
Calculate 0 - (-4 - -15) - -3.
-8
Evaluate (11 - 6) + 0 + -5 + 6.
6
Calculate -26 - -36 - (3 - -2).
5
What is the value of -1 + (-7 - (2 - 5))?
-5
Evaluate 29 + -23 - (2 + -4) - 10.
-2
What is the value of (2 - (0 - -5)) + 5?
2
Calculate 13 + (2 + 1 - 5) - 1.
10
Calculate -8 + (4 - (2 + -2)).
-4
1 + (7 + 1 - 4)
5
What is the value of (-1 + (-2 - -4) - 3) + 0?
-2
5 + -5 + (-7 - -3 - -9)
5
-5 + (-1 - (-19 - -7))
6
6 - (4 + -2) - (2 + 4)
-2
Evaluate -4 - (-6 - -3 - 4).
3
What is the value of 2 + (-8 + (3 - 1) - -3)?
-1
What is the value of -2 + 1 - (1 + -8)?
6
What is the value of 1 - (4 + 1 + -4 + 3)?
-3
Evaluate -16 + 7 + 26 + -7.
10
Evaluate -1 - (11 + (-5 - 2) - 4).
-1
Evaluate -2 + 12 - (-10 - (13 - 26)).
7
Evaluate (-2 - 4) + (8 - 2) + 0.
0
What is the value of (15 - 7) + -8 + 1 - 3?
-2
(-4 - -8 - 1) + -1 + -3
-1
Evaluate 10 + -14 - (-2 + 1 + 2).
-5
What is the value of 10 + -12 - -4 - 10?
-8
7 + (-7 - -3) + 2
5
Evaluate (-3 - -1) + 17 + -11 - 9.
-5
Calculate -1 + 6 + (-8 - -7) - -1.
5
What is the value of -3 - (1 + -1 + 3 + -5)?
-1
Calculate (9 - 4) + -11 + 0 - 1.
-7
2 + -3 + -3 - -7
3
Calculate (3 + 1 - 6) + -2 + 0.
-4
What is the value of 3 + 0 - (1 + 0) - 1?
1
-3 + (-4 - -3 - 2)
-6
What is -4 - 1 - (-7 - (4 - 3))?
3
(-3 - 1) + 10 + -6
0
(-2 - -5) + -21 + 13
-5
Evaluate 3 - 6 - (-2 - (-1 - 2)).
-4
Evaluate 5 + 0 - (-2 - (-12 - -9)).
4
Calculate (-6 - -1) + 3 - (-8 - -1).
5
-4 - (6 - 6 - 10)
6
Calculate -8 + (-2 + 12 - -3).
5
What is 2 - (-5 + 4 + 2)?
1
Calculate (1 - (1 + 4)) + 9 - 3.
2
What is the value of 5 - 3 - (-2 + -1)?
5
Evaluate (2 - 4) + 12 + -10.
0
What is -3 + -8 + 14 - 11?
-8
What is 18 - 16 - (4 - (-6 + 4))?
-4
Calculate (2 + 0 - 0) + -177 + 178.
3
Calculate (-8 - (-2 - -2 - 1)) + 3.
-4
Calculate -3 + (15 - -1) - 8.
5
(3 - (-1 - -2)) + -11 + 6
-3
Calculate 5 + 9 + -7 - 5.
2
What is the value of (0 + -3 - -5) + 2 - 2?
2
What is (-6 - (-1 - -2)) + (1 - -9)?
3
Evaluate 10 + 8 + -4 + -9.
5
Calculate 5 + -5 + 5 - (-1 + 6).
0
What is the value of 6 + -8 + 6 + -1 + 1?
4
What is the value of -11 - -6 - (-6 - 2)?
3
What is the value of (1 - 3) + -6 - (-34 - -31)?
-5
Evaluate -4 + 2 + 0 + 0 + -3.
-5
What is the value of (0 - -2) + -2 + -2?
-2
Calculate 7 + 8 + -18 - (-1 + 7).
-9
What is the value of -2 + (-4 - (0 - 6)) - -3?
3
Evaluate 5 - 